 remainder when 1154 is divided by 33?
32
What is the remainder when 204 is divided by 81?
42
Calculate the remainder when 4877 is divided by 4874.
3
Calculate the remainder when 67 is divided by 34.
33
What is the remainder when 375 is divided by 158?
59
Calculate the remainder when 930 is divided by 18.
12
What is the remainder when 627 is divided by 21?
18
Calculate the remainder when 17 is divided by 4.
1
What is the remainder when 791 is divided by 8?
7
Calculate the remainder when 119 is divided by 30.
29
Calculate the remainder when 627 is divided by 14.
11
Calculate the remainder when 167 is divided by 101.
66
What is the remainder when 103 is divided by 36?
31
What is the remainder when 209 is divided by 16?
1
What is the remainder when 18110 is divided by 11?
4
What is the remainder when 328 is divided by 29?
9
Calculate the remainder when 186 is divided by 89.
8
Calculate the remainder when 231 is divided by 8.
7
Calculate the remainder when 1089 is divided by 270.
9
Calculate the remainder when 2545 is divided by 7.
4
What is the remainder when 1180 is divided by 194?
16
Calculate the remainder when 997 is divided by 54.
25
What is the remainder when 334 is divided by 22?
4
Calculate the remainder when 851 is divided by 45.
41
What is the remainder when 199 is divided by 50?
49
Calculate the remainder when 132 is divided by 20.
12
What is the remainder when 197 is divided by 11?
10
Calculate the remainder when 4 is divided by 3.
1
Calculate the remainder when 1210 is divided by 55.
0
What is the remainder when 1778 is divided by 13?
10
What is the remainder when 95 is divided by 6?
5
What is the remainder when 24 is divided by 11?
2
Calculate the remainder when 130 is divided by 22.
20
Calculate the remainder when 186 is divided by 60.
6
What is the remainder when 328 is divided by 6?
4
What is the remainder when 695 is divided by 28?
23
Calculate the remainder when 184 is divided by 43.
12
Calculate the remainder when 117 is divided by 35.
12
Calculate the remainder when 1469 is divided by 64.
61
Calculate the remainder when 631 is divided by 122.
21
What is the remainder when 39 is divided by 23?
16
What is the remainder when 257 is divided by 168?
89
What is the remainder when 13 is divided by 1?
0
Calculate the remainder when 570 is divided by 44.
42
What is the remainder when 384 is divided by 38?
4
Calculate the remainder when 137 is divided by 47.
43
What is the remainder when 9802 is divided by 114?
112
Calculate the remainder when 126 is divided by 10.
6
Calculate the remainder when 27 is divided by 9.
0
What is the remainder when 37943 is divided by 102?
101
Calculate the remainder when 422 is divided by 80.
22
What is the remainder when 9610 is divided by 18?
16
Calculate the remainder when 206 is divided by 98.
10
What is the remainder when 8676 is divided by 43?
33
What is the remainder when 98 is divided by 6?
2
What is the remainder when 203 is divided by 42?
35
What is the remainder when 1748 is divided by 32?
20
What is the remainder when 1543 is divided by 172?
167
Calculate the remainder when 1612 is divided by 35.
2
Calculate the remainder when 412 is divided by 140.
132
Calculate the remainder when 6390 is divided by 3193.
4
What is the remainder when 562 is divided by 81?
76
What is the remainder when 27104 is divided by 9?
5
Calculate the remainder when 910 is divided by 77.
63
Calculate the remainder when 215 is divided by 42.
5
What is the remainder when 47 is divided by 17?
13
Calculate the remainder when 415 is divided by 38.
35
What is the remainder when 664 is divided by 329?
6
What is the remainder when 582 is divided by 39?
36
Calculate the remainder when 604 is divided by 87.
82
Calculate the remainder when 3090 is divided by 40.
10
Calculate the remainder when 341 is divided by 57.
56
What is the remainder when 423 is divided by 9?
0
What is the remainder when 1480 is divided by 31?
23
What is the remainder when 129 is divided by 42?
3
What is the remainder when 15578 is divided by 82?
80
Calculate the remainder when 164 is divided by 11.
10
What is the remainder when 124 is divided by 23?
9
What is the remainder when 966 is divided by 265?
171
What is the remainder when 39 is divided by 21?
18
What is the remainder when 377 is divided by 46?
9
Calculate the remainder when 5574 is divided by 39.
36
Calculate the remainder when 34 is divided by 20.
14
Calculate the remainder when 136 is divided by 68.
0
Calculate the remainder when 781 is divided by 193.
9
What is the remainder when 33 is divided by 13?
7
Calculate the remainder when 137 is divided by 16.
9
Calculate the remainder when 239 is divided by 19.
11
What is the remainder when 8400 is divided by 44?
40
Calculate the remainder when 299 is divided by 147.
5
What is the remainder when 177 is divided by 91?
86
Calculate the remainder when 18 is divided by 7.
4
Calculate the remainder when 14644 is divided by 145.
144
Calculate the remainder when 86 is divided by 2.
0
What is the remainder when 299 is divided by 77?
68
Calculate the remainder when 9701 is divided by 15.
11
What is the remainder when 140 is divided by 29?
24
What is the remainder when 730 is divided by 83?
66
Calculate the remainder when 1036 is divided by 133.
105
Calculate the remainder when 137 is divided by 25.
12
Calculate the remainder when 1214 is divided by 32.
30
Calculate the remainder when 494 is divided by 100.
94
Calculate the remainder when 28547 is divided by 234.
233
Calculate the remainder when 2340 is divided by 336.
324
Calculate the remainder when 70 is divided by 40.
30
Calculate the remainder when 326 is divided by 85.
71
What is the remainder when 2292 is divided by 100?
92
What is the remainder when 1684 is divided by 52?
20
Calculate the remainder when 1555 is divided by 118.
21
What is the remainder when 454 is divided by 8?
6
What is the remainder when 25 is divided by 8?
1
What is the remainder when 2225 is divided by 21?
20
What is the remainder when 347 is divided by 47?
18
Calculate the remainder when 293 is divided by 160.
133
What is the remainder when 109 is divided by 38?
33
What is the remainder when 372 is divided by 47?
43
Calculate the remainder when 1302 is divided by 9.
6
Calculate the remainder when 6016 is divided by 17.
15
What is the remainder when 53 is divided by 52?
1
Calculate the remainder when 6679 is divided by 2225.
4
What is the remainder when 2660 is divided by 36?
32
Calculate the remainder when 682 is divided by 77.
66
What is the remainder when 140 is divided by 48?
44
Calculate the remainder when 177 is divided by 59.
0
What is the remainder when 455 is divided by 226?
3
What is the remainder when 536 is divided by 24?
8
Calculate the remainder when 829 is divided by 263.
40
Calculate the remainder when 49 is divided by 28.
21
What is the remainder when 151 is divided by 42?
25
Calculate the remainder when 979 is divided by 9.
7
Calculate the remainder when 298 is divided by 75.
73
What is the remainder when 56 is divided by 12?
8
Calculate the remainder when 118 is divided by 20.
18
Calculate the remainder when 118 is divided by 15.
13
Calculate the remainder when 1333 is divided by 78.
7
What is the remainder when 968 is divided by 18?
14
What is the remainder when 2807 is divided by 53?
51
Calculate the remainder when 682 is divided by 139.
126
Calculate the remainder when 12 is divided by 12.
0
Calculate the remainder when 655 is divided by 94.
91
What is the remainder when 2268 is divided by 228?
216
Calculate the remainder when 3865 is divided by 90.
85
Calculate the remainder when 401 is divided by 162.
77
Calculate the remainder when 1843 is divided by 263.
2
What is the remainder when 61 is divided by 9?
7
What is the remainder when 11748 is divided by 250?
248
What is the remainder when 540 is divided by 25?
15
Calculate the remainder when 387 is divided by 351.
36
Calculate the remainder when 256 is divided by 40.
16
What is the remainder when 240 is divided by 9?
6
What is the remainder when 2927 is divided by 585?
2
Calculate the remainder when 34 is divided by 12.
10
Calculate the remainder when 3232 is divided by 154.
152
What is the remainder when 2969 is divided by 9?
8
What is the remainder when 378